of 102474?
True
Is 75 a factor of 1549575?
True
Does 11 divide 491119?
False
Does 76 divide 1838136?
True
Does 138 divide 594402?
False
Is 49 a factor of 1976526?
False
Does 18 divide 237906?
True
Is 37439 a multiple of 310?
False
Does 6 divide 4446?
True
Is 33 a factor of 107580?
True
Is 12 a factor of 447228?
True
Does 425 divide 10453811?
False
Does 14 divide 16782948?
True
Is 233 a factor of 284726?
True
Is 3306270 a multiple of 645?
True
Is 1993 a factor of 8966507?
True
Is 301211 a multiple of 22?
False
Does 21 divide 108528?
True
Is 40 a factor of 129275?
False
Does 30 divide 4766663?
False
Does 19 divide 2611653?
False
Does 86 divide 46010?
True
Is 522 a factor of 5038402?
False
Is 30868 a multiple of 34?
False
Is 93852 a multiple of 33?
True
Is 5 a factor of 133735?
True
Is 11 a factor of 114087?
False
Is 168 a factor of 858816?
True
Is 4127 a multiple of 2?
False
Does 726 divide 6385170?
True
Is 31087 even?
False
Does 128 divide 320256?
True
Is 32 a factor of 148544?
True
Is 107527 a multiple of 28?
False
Does 314 divide 511506?
True
Does 179 divide 1300793?
True
Is 844580 a multiple of 11?
True
Does 13 divide 9306826?
False
Is 24 a factor of 183060?
False
Does 7 divide 2122310?
False
Is 31467730 a multiple of 35?
True
Is 516 a factor of 371004?
True
Does 14 divide 2106594?
True
Is 108864 a multiple of 28?
True
Does 42 divide 7120570?
False
Is 24 a factor of 320928?
True
Is 133371 a multiple of 64?
False
Does 19 divide 14864?
False
Is 10809358 a multiple of 73?
False
Is 94079 even?
False
Does 130 divide 332165?
False
Is 383053 even?
False
Is 969192 a multiple of 63?
True
Is 499875 a multiple of 4?
False
Does 428 divide 646850?
False
Is 879 a factor of 1385773?
False
Is 71 a factor of 329582?
True
Does 5 divide 323739?
False
Is 9373869 a multiple of 27?
False
Is 61037 a multiple of 2?
False
Does 41 divide 5315797?
False
Is 18 a factor of 5582844?
True
Does 5 divide 7695?
True
Does 334 divide 167000?
True
Is 374195 a multiple of 43?
False
Is 33 a factor of 42438?
True
Does 26 divide 426764?
True
Is 220 a factor of 137263?
False
Does 12 divide 191976?
True
Is 20 a factor of 81487?
False
Is 370774 a multiple of 144?
False
Is 8 a factor of 875688?
True
Does 6 divide 3838448?
False
Is 2307785 a multiple of 59?
True
Does 281 divide 220023?
True
Is 175 a factor of 394975?
True
Is 4020 a multiple of 12?
True
Does 9 divide 8978841?
True
Does 132 divide 5017716?
True
Is 368150 a multiple of 240?
False
Does 3 divide 76604?
False
Does 111 divide 584148?
False
Does 8 divide 195605?
False
Does 559 divide 1424646?
False
Is 88 a factor of 500002?
False
Is 176 a factor of 6792896?
True
Is 197 a factor of 220049?
True
Is 142278 a multiple of 138?
True
Does 44 divide 4403129?
False
Does 13 divide 4350132?
False
Is 12 a factor of 652620?
True
Is 4511808 a multiple of 96?
True
Does 59 divide 797916?
True
Is 325173 a multiple of 6?
False
Is 12 a factor of 828540?
True
Is 784 a factor of 246466?
False
Is 29 a factor of 1359395?
False
Is 19 a factor of 7874702?
True
Is 291 a factor of 6978471?
True
Is 354 a multiple of 84?
False
Is 19 a factor of 2068904?
False
Is 14 a factor of 352458?
False
Is 161 a factor of 491855?
True
Is 216 a factor of 1005968?
False
Is 4 a factor of 231066?
False
Does 15 divide 3967581?
False
Is 768696 a multiple of 35?
False
Is 404 a factor of 421923?
False
Is 205859 a multiple of 19?
False
Is 5 a factor of 26408?
False
Does 305 divide 266875?
True
Is 663564 a multiple of 12?
True
Is 149754 a multiple of 642?
False
Does 107 divide 179629?
False
Does 629 divide 1093831?
True
Is 38 a factor of 195442?
False
Is 277 a factor of 4814260?
True
Is 18 a factor of 97300?
False
Does 24 divide 330456?
True
Is 509580 a multiple of 38?
True
Is 100 a factor of 63000?
True
Is 248746 a multiple of 16?
False
Is 1544335 a multiple of 13?
True
Is 4625768 a multiple of 658?
False
Is 581944 a multiple of 192?
False
Is 1869552 a multiple of 16?
True
Is 29 a factor of 2766136?
True
Does 16 divide 165728?
True
Is 256 a factor of 14706176?
True
Is 98 a factor of 2100532?
True
Is 13 a factor of 228042?
False
Is 2 a factor of 449928?
True
Is 179297 a multiple of 64?
False
Is 51 a factor of 869115?
False
Does 135 divide 45900?
True
Is 294624 a multiple of 4?
True
Does 26 divide 787566?
True
Does 95 divide 213489?
False
Is 683378 a multiple of 83?
False
Is 19 a factor of 274474?
True
Does 36 divide 581389?
False
Does 166 divide 1434574?
False
Is 260 a factor of 2323360?
True
Does 29 divide 108797?
False
Does 19 divide 255907?
False
Does 40 divide 772482?
False
Does 172 divide 3825108?
True
Is 166 a factor of 61844?
False
Does 12 divide 161904?
True
Is 9 a factor of 227007?
True
Does 3 divide 139021?
False
Is 161915 a multiple of 35?
False
Is 3164309 a multiple of 557?
False
Is 87 a factor of 2295559?
False
Is 26459787 a multiple of 83?
False
Is 18 a factor of 1172700?
True
Is 1245565 a multiple of 23?
True
Is 35 a factor of 5991545?
True
Is 42 a factor of 20899?
False
Is 65230 a multiple of 63?
False
Is 1323075 a multiple of 4?
False
Does 70 divide 1101870?
True
Does 14 divide 12016?
False
Is 55 a factor of 2022571?
False
Is 14444546 a multiple of 346?
False
Is 36 a factor of 157788?
True
Does 9 divide 347369?
False
Is 851 a factor of 754837?
True
Does 56 divide 2274440?
True
Is 444 a factor of 131868?
True
Does 8 divide 2757888?
True
Does 364 divide 409555?
False
Is 52580 a multiple of 220?
True
Is 59 a factor of 120301?
True
Is 37011 a multiple of 20?
False
Does 148 divide 57276?
True
Does 149 divide 336740?
True
Is 254 a factor of 3812172?
False
Does 28 divide 2910404?
True
Is 3721004 a multiple of 14?
True
Is 205 a factor of 13625761?
False
Does 24 divide 143127?
False
Does 153 divide 755287?
False
Does 53 divide 3115053?
False
Does 15 divide 45698?
False
Is 35 a factor of 1268680?
True
Is 291 a factor of 85262?
False
Is 14108 a multiple of 7?
False
Does 13 divide 26384?
False
Is 69 a factor of 105432?
True
Does 200 divide 170383?
False
Is 98 a factor of 1376214?
True
Does 160 divide 2689760?
True
Is 3228813 a multiple of 159?
True
Does 17 divide 24761?
False
Is 315 a factor of 522900?
True
Is 7 a factor of 18053?
True
Does 79 divide 2639074?
True
Does 220 divide 154440?
True
Is 13 a factor of 285239?
False
Does 39 divide 319494?
False
Does 27 divide 263979?
True
Is 307 a factor of 226566?
True
Is 956032 a multiple of 7?
True
Does 307 divide 136922?
True
Is 32 a factor of 2220448?
True
Is 51 a factor of 1786197?
False
Does 108 divide 32551655?
False
Does 18 divide 4603770?
True
Is 165 a factor of 12400596?
False
Does 19 divide 3938033?
False
Is 464 a factor of 803420?
False
Does 4 divide 4842976?
True
Is 589860 a multiple of 339?
True
Is 115 a factor of 229857?
False
Does 634 divide 8822510?
False
Is 692850 a multiple of 2?
True
Is 577 a factor of 26678172?
True
Is 841 a factor of 559265?
True
Is 50 a factor of 129450?
True
Is 106 a factor of 7643236?
True
Is 554 a factor of 739420?
False
Does 214 divide 103519?
False
Is 9 a factor of 2064734?
False
Does 180 divide 290767?
False
Is 1159 a factor of 8582696?
False
Is 131 a factor of 667969?
True
Is 338 a factor of 2746250?
True
Is 46 a factor of 955496?
False
Is 2763008 a multiple of 64?
True
Is 198 a factor of 3768617?
False
Is 56487 a multiple of 9?
False
Is 2666627 a multiple of 230?
False
Is 110924 a multiple of 48?
False
Is 173888 a multiple of 416?
True
Is 47 a factor of 422847?
False
Is 765 a factor of 414630?
True
Is 119 a factor of 198968?
True
Does 32 divide 12401?
False
Does 6 divide 6246?
True
Does 574 divide 2047458?
True
Is 259908 a multiple of 6?
True
Does 9 divide 1011114?
True
Is 108340 a multiple of 281?
False
Is 93 a factor of 1311936?
False
Is 90 a factor of 357300?
True
Is 296871 a multiple of 8?
False
Does 36 divide 107892?
True
Is 30 a factor of 276570?
True
Is 41 a factor of 105518?
False
Is 7681056 a multiple of 1709?
False
Is 22 a factor of 272133?
False
Does 22 divide 2544124?
True
Is 524 a factor of 384761?
False
Does 14 divide 82670?
True
Is 20 a factor of 43200?
True
Is 215701 a multiple of 41?
True
Is 1749463 a multiple of 877?
False
Does 49 divide 1587992?
True
Does 6 divide 862500?
True
Does 2632 divide 9855484?
False
Does 2 divide 69846?
True
Is 1487902 a multiple of 64